ed by m?
3
Let r = 105 + -100. Let c be (r/((-20)/254))/((-1)/(-2)). Let t = c - -137. What is the remainder when 44 is divided by t?
4
Suppose 0 = -5*k - 7*w + 8*w + 635, 0 = 4*k + 3*w - 489. Suppose -2*n - 12 + k = 0. What is the remainder when 61 is divided by n?
4
Suppose 87*o - 2602 = 24542. Calculate the remainder when o is divided by 81.
69
Let x(n) = -n**2 + 12. Let g be x(-3). What is the remainder when 26 is divided by g + -6 - (126/(-3))/2?
8
Let i be (-2)/(-1)*5076/(-36). Let l = -275 - i. Let r = 27 - 7. What is the remainder when r is divided by l?
6
Let m(a) = -3*a - 35. Let q be m(-11). Let g be 2 + (-20)/8 - (-291)/q. Let t = 209 + g. What is the remainder when t is divided by 22?
19
Let u(g) = -g**3 - 108*g**2 + 846*g + 713. What is the remainder when u(-116) is divided by 110?
105
Let b = 143 - 77. Suppose -4*m + 2*t + 38 = -b, -5*m + 119 = 3*t. What is the remainder when 272 is divided by m?
22
Let j = 18718 + -18700. Let t(y) = y**2 - 5*y + 4. What is the remainder when j is divided by t(5)?
2
Suppose -5*h - 14883 = -46*h. Calculate the remainder when h is divided by 340.
23
Let y = 8227 + -8148. Calculate the remainder when 570 is divided by y.
17
Suppose -30*o + 201 = -27*o + 5*h, 12 = -4*h. Calculate the remainder when o is divided by 25.
22
Let c(i) = -i**3 + 7*i**2 + 8*i + 4. Let r be c(8). Suppose -5*y + 3*o = -874, 518 + 335 = 5*y + r*o. Calculate the remainder when y is divided by 45.
38
Calculate the remainder when 3223 is divided by (-350)/4*(-1824)/2128.
73
Let c(h) = h**3 + 46. Calculate the remainder when ((-546)/30)/(22/(-220)) is divided by c(0).
44
Suppose 12*l - 7*l - 1740 = -82*l. Let v = -84 - -143. Calculate the remainder when v is divided by l.
19
Suppose -8*q + 5*c - 162 = -11*q, 0 = -4*q + 3*c + 216. What is the remainder when 4750 is divided by q?
52
Let n(o) = o**3 + 23*o**2 + 85*o - 35. Let h(s) = -s**3 + 7*s**2 - 8. Suppose 24 = 2*y + 2*y. What is the remainder when n(-18) is divided by h(y)?
27
Suppose -92*p = -36845 - 17987. Calculate the remainder when 605 is divided by p.
9
Let p be (-3125)/75 - (-1 - 2/(-6)). Let u = 41 + p. Suppose -2*d + 131 = -u*d - 5*h, 5*h - 240 = -5*d. What is the remainder when d is divided by 20?
13
Let f = 24173 + -24145. What is the remainder when 219 is divided by f?
23
Suppose -181 = -5*f - 3*a, -f = -3*a + 5*a - 39. What is the remainder when f is divided by 25?
10
What is the remainder when 1100 is divided by (-168)/36*(-108)/21?
20
Let w(h) = h**3 + 5*h**2 - 3*h - 5. Suppose 27*i - 29*i + 910 = 0. Suppose i = -0*q + 7*q. What is the remainder when q is divided by w(-4)?
19
What is the remainder when 110 - 0/2*(-4)/(-8) is divided by 44?
22
Suppose -d = v - 719, 2869 = 83*v - 79*v + 3*d. What is the remainder when v is divided by 205?
97
Let s(b) = -13*b**3 + 4*b**2 - 7*b + 22. Let n be s(-5). Suppose -o = 5*o - n. What is the remainder when o is divided by 10?
7
Let g = -63 - -67. Calculate the remainder when 240/7 - (0 + g/14) is divided by 12.
10
Suppose -532*k = -518*k - 140. Suppose -j = 3*j - 180. Calculate the remainder when j is divided by k.
5
Calculate the remainder when ((-205)/10)/(1*8/(-16)) is divided by (5/10)/((-3)/(-24)).
1
Let i be (-6)/(-69) + ((-4080)/138)/(-5). Suppose -u = 0, i*u - 596 = -2*v + u. What is the remainder when v is divided by 25?
23
Suppose 22*t = 86*t + 59*t - 284253. Calculate the remainder when t is divided by 770.
1
Let r = -5 + 32. Let w = 178238 + -178125. What is the remainder when w is divided by r?
5
Let n(u) = 2*u**3 - 3*u**2 + 8*u - 7. Let q = 31700 - 31684. What is the remainder when n(6) is divided by q?
13
Let r = 136 + -139. Calculate the remainder when (-4)/(-14) - (r + (-2300)/35) is divided by (6 - 0)/(-2)*-4.
9
Let i(n) = 4*n + 1. Let l be i(10). Suppose l = -4*y + 225. Calculate the remainder when y is divided by 135/225*(-250)/(-6).
21
Suppose 9*y + 105*y - 373938 = 1034076. What is the remainder when y is divided by 193?
192
Let k(u) be the second derivative of u**4/12 + 5*u**3/6 - 6*u**2 - 5*u - 1. What is the remainder when 131 is divided by k(4)?
11
Suppose 18709 = -55*a + 363*a - 11167. What is the remainder when 10184 is divided by a?
96
Let f = 25769 - 25482. Calculate the remainder when 10038 is divided by f.
280
Let j(p) = 4*p**2 + 133*p + 649. What is the remainder when 892 is divided by j(-5)?
52
Let d(i) = -i**2 - 12*i + 7. Let m be d(-14). Let p(l) = 2*l + 53. What is the remainder when 21*(-2)/(-1 + -1) is divided by p(m)?
10
Suppose -4*o + 24 = -10*o. Calculate the remainder when o + 3 + -2 + 3 + 428 is divided by 54.
50
Suppose 10*d - 7*d = 5*w + 155, -4*w + 119 = 3*d. Let j = -31 + d. Calculate the remainder when 25 is divided by j.
11
Let o(l) be the first derivative of -l**4/4 + 8*l**3/3 - 7*l**2/2 + 2*l + 27. Let v be o(7). What is the remainder when v/3 - (460/(-12) - 2) is divided by 9?
5
Suppose -43*y + 2609 = 1405. Let w(n) = -17*n + 2. Let x be w(2). What is the remainder when y is divided by -1*x/2*1?
12
Let k = -16371 + 16419. What is the remainder when 7241 is divided by k?
41
Suppose -375*m + 373*m + 6 = 0. Suppose m*p = 4*q + 421, p + 9*q - 157 = 7*q. What is the remainder when p is divided by 23?
9
Suppose -2*a + 2*k - 4 = 0, 0*k - 2*k = 4*a - 22. Suppose -5*x - 5*l + 425 = 0, -a*x + 171 = -5*l - 76. What is the remainder when x is divided by 11?
7
Suppose -4*b = -80, 56*k - 5*k + 121 = 2*b + 693. Calculate the remainder when ((-2)/5)/(1/(-415)) is divided by k.
10
Calculate the remainder when 19106 is divided by (40/(-6) - -2)*-3.
10
Let j = 38 - 14. Suppose 0 = -3*m - 3*o - 537, m + 3 = 4*o - 176. Let d = m + 258. What is the remainder when d is divided by j?
7
Suppose 0 = -2*w + 31*w. Suppose -9*u - 41 + 275 = w. What is the remainder when 39 is divided by u?
13
Let h be (66/(-2))/(6/(-6)). Suppose 38*v = h*v. Suppose -8*d = 4*y - 9*d - 145, v = -5*y + 3*d + 183. What is the remainder when y is divided by 25?
11
Suppose 37 = 12*g - 231 + 124. What is the remainder when 246 is divided by g?
6
Let f(w) = 2*w**2 + 20*w + 28. Let l be f(-11). Suppose -21*q - 2*o = -16*q - l, 0 = o + 5. What is the remainder when 52 is divided by q?
4
What is the remainder when 1545 is divided by ((-78)/(-9))/(-8 + (-234)/(-27))?
11
Suppose -100*f - 4503 = -57703. Calculate the remainder when f is divided by 117.
64
Suppose -10*i + 15*i - 22180 = 5*c, 2*i - 8871 = 3*c. Calculate the remainder when i is divided by 44.
37
Suppose 138*k + 11646 = 147*k. What is the remainder when k is divided by 48?
46
Suppose 2*y = 9*y - 21. Suppose 0 = y*i - 13 - 8. Suppose i*n - 132 = 3*n. What is the remainder when n is divided by 4?
1
Let n(m) = 4*m**2 - 26*m + 81. What is the remainder when 348 is divided by n(3)?
36
Calculate the remainder when 436 is divided by 3/(1*6/26).
7
Let w = 132 - 129. Suppose w*i = -5*o + i + 696, -4*o = -3*i - 543. Let k = -15 - -25. Calculate the remainder when o is divided by k.
8
Let k be 10/(-65) + 4242/26. Suppose 5*q = p + k, -12*p - 29 = -q - 13*p. What is the remainder when 478 is divided by q?
30
Let p = 35 - 236. Let n = 210 + p. What is the remainder when 2/(2 - (-20)/(-11)) is divided by n?
2
Let p be ((-16)/4 - -2)*1. Calculate the remainder when 162 is divided by (-72)/p - (-1 + 16/4).
30
Let w be -9 - -16 - 1 - -3253. Suppose 7*j = w + 3587. Calculate the remainder when j is divided by 98.
96
Suppose 0*m + b = -3*m + 510, -b = -3. What is the remainder when m is divided by 19 - (-1 - (-6 + 5))?
17
What is the remainder when -1*(84/(-14) - 1739) is divided by 20?
5
Suppose 2*o + 6059 = z - 2465, 0 = 5*z + 5*o - 42725. What is the remainder when z is divided by 122?
120
Suppose 2*y = 2*k + 2, -2*k + 5 = y - 2. Calculate the remainder when 171 is divided by y/(-12) + (-177)/(-4).
39
Let b be (15/10)/(3/164). Let v = 123 - b. Let m = -2457 + 2479. What is the remainder when v is divided by m?
19
Let m be -94*-3*(-1)/24*-4. Suppose m*g - 22*g - 900 = 0. Calculate the remainder when 251 is divided by g.
35
Suppose 72*z + 2*z = 14874. What is the remainder when z is divided by ((-12)/10)/(1/(-45))?
39
Let n(y) = -y**2 + 12*y + 5. Let l = 205 - -148. Suppose 4*t - l = t + c, -2*c - 588 = -5*t. Calculate the remainder when t is divided by n(7).
38
Let v = 281 + -56. C